7
Let m(n) = n + 6. Let i be (-2)/(-11) - (-10)/(-22)*-4. Let y be i*(5 + 35/(-10)). Suppose 8*h + 27 = y. Give m(h).
3
Let m(v) = 14*v**3 + v**2. Let y = 904 - 905. Determine m(y).
-13
Suppose -59 - 21 = -31*a + 13. Let q(w) = -7*w**2 - w + 4. Let o(i) = -i**2 + 1. Let p(n) = -6*o(n) + q(n). Give p(a).
-14
Let g(b) = 3*b - 1. Let l(i) = -3*i + 2. Let j(f) = 3*g(f) + 2*l(f). Let o = 20 + 40. Let c = 59 - o. Calculate j(c).
-2
Let z = 19251 + -19251. Let i(t) = -t**2 + 16*t + 3. What is i(z)?
3
Let f(a) = -13*a**2 + 33*a + 701. Let g(v) = -6*v**2 + 17*v + 315. Let k(u) = 5*f(u) - 11*g(u). What is k(15)?
-65
Let w(o) = 33*o**3 + 2*o + 1. Let r(b) = b**3 + 13*b**2 + 11*b - 2. Let i be r(-12). Suppose 18*x - 8*x = -i. What is w(x)?
-34
Let t(w) = -2*w**3 + 20*w**2 + 22*w - 5. Let a be t(11). Let b be 15/(-25)*2*a/2. Let i(j) = -j**2 + 3*j - 1. What is i(b)?
-1
Let t(c) = -5*c**2 - 4*c - 6. Let m(q) = 42*q + 42. Let k be m(-1). What is t(k)?
-6
Let j be 5 - -3 - 5/1. Let g(r) = 3*r**2 - r - 9. What is g(j)?
15
Let f(z) = z**2 - 5*z + 9. Let p = 56 - 54. Suppose 10*r = p*r + 48. What is f(r)?
15
Let q(v) = -41*v**2 + 14*v - 26. Let n(x) = 75*x**2 - 26*x + 51. Let m(a) = -6*n(a) - 11*q(a). What is m(-5)?
-5
Let l = 10169 - 10174. Let v(a) = a**2 + a - 2. Determine v(l).
18
Suppose 4*f - 2*l - 514 = 0, 0 = 3*f + 24*l - 21*l - 363. Let s be (4/6)/((-28)/f). Let m(b) = -3*b - 2. Give m(s).
7
Let w(v) = -v - 6*v + 11 + 13*v. Let o be w(-2). Let t(b) = 6*b**3 + b. Calculate t(o).
-7
Suppose 4*i = 3*b - 15, 4*i = -3*b - 225 + 216. Let q(f) = f**3 - 4*f**2 - f - 5. Determine q(i).
-65
Suppose 2*p + 3 = f, -40*p + 3*f + 31 = -42*p. Let x(g) = -73*g - 359. Determine x(p).
6
Suppose 3*z = -d + 10, -3*d + 5 = 2*z + 2*z. Let l(a) = 921 - 306 - 312 - 309 - 2*a. What is l(d)?
4
Let m(p) be the second derivative of -5*p**3/6 + 3*p**2/2 + 109*p. What is m(-2)?
13
Suppose 0 = -0*s + 5*s - 10. Let n(z) = -s*z + 0*z - z. Let j be ((-219)/9 - -26)/(15/(-18)). Calculate n(j).
6
Let n(l) = -2*l**3 - 16*l**2 - 24*l - 61. Let g(f) = 3*f**3 + 23*f**2 + 38*f + 91. Let y(o) = 5*g(o) + 8*n(o). Calculate y(-13).
-7
Let f(b) = -71*b + 9*b**3 - 5*b**3 - b**2 + 1 + 69*b - 2 - 3*b**3. Calculate f(-4).
-73
Let x(t) = -t**2 - 2*t + 7. Suppose 4 = p + 3*p, y + 2*p + 42 = 0. Let i be (28 + -80)*(-6)/(-8). Let n = y - i. What is x(n)?
-8
Let q(r) = -12*r + 44. Suppose -168*n + 190*n - 110 = 0. What is q(n)?
-16
Suppose g + 15 - 6 = 3*v, -2*g - 2 = -2*v. Suppose u = 3 - v. Let z(k) = 2*k**2 + 2*k. Let w(t) = 3*t**2 + 3*t. Let h(i) = 3*w(i) - 4*z(i). What is h(u)?
0
Let l(b) be the third derivative of -b**5/60 + b**4/4 + 2*b**3/3 - 3569*b**2. Determine l(5).
9
Let n(p) be the first derivative of -p**2/2 - p + 174. Let k be ((-5)/(-2) + -2)*4. Suppose 0 = -3*v - k - 22. Calculate n(v).
7
Suppose 2*x + 4*r + 4 = 0, 3*x + 5*r = -3 - 3. Let z(m) be the second derivative of -m**5/20 - m**4/6 + m**3/3 + 3*m**2/2 + 27*m + 4. What is z(x)?
-1
Let b(h) = -h**3 - 6*h**2 - 5*h + 1. Let x be 105/140 - (-38)/(-8). Calculate b(x).
-11
Let o(g) = -g**2 - 6*g - 5. Let u = -154 + 229. Suppose -11*j + 31 = u. Calculate o(j).
3
Let j = 6066 - 6062. Let u(a) = 2*a**3 - 5*a**2 + a. What is u(j)?
52
Suppose 2*z - 37 + 191 = 88. Let t(i) = -i**3 - 31*i**2 + 67*i + 21. What is t(z)?
-12
Let u(f) be the second derivative of -f**4/12 + 13*f**3/6 - 8*f**2 - 5*f - 132. Determine u(11).
6
Let l(h) = -11*h - 123. Let u be l(-12). Suppose u*s + 18 = 11*s. Let y(v) = v - 20. What is y(s)?
-11
Let o(w) = w**3 + w**2 - 1. Let a(s) = -s**2 - 24*s. Let y be a(-22). Let x = 45 - y. What is o(x)?
1
Let r(m) = -m**2 + 8*m - 8. Let w(j) = -j**3 - 9*j**2 - 20*j - 9. Let x be w(-6). Suppose 2*v = -2*t + x*v + 14, -v = 2. What is r(t)?
4
Suppose 3*a - n + 1 = 4*a, -5 = 5*a - 5*n. Suppose -i + a*i = 0. Let y(s) = i*s**3 + 0*s + 1 + 7 + s - s**2 + s**3. Calculate y(0).
8
Let b(g) = 2 - 4 - 10 - 10 + 5*g + 21. Determine b(-3).
-16
Let b(k) = -30*k + 2*k**2 + 73*k - 3 - 52*k. Calculate b(5).
2
Let s(g) = 4*g**3 - g**2 - 3. Let c be 6*(-11 + (-69)/(-6)). Determine s(c).
96
Suppose -3*v + v = m + 4, 3*v = -3. Suppose l + 89 = 91. Let h(y) = y**2 - 3*y - y**2 + l - 2*y**2 - 3. Determine h(m).
-3
Let s(b) = 115 - 17*b + 266 - 491. Determine s(-7).
9
Let k(x) be the second derivative of 0 + 5/6*x**3 - 62*x - 3/2*x**2. Give k(2).
7
Let l(b) = -4*b - 60. Let k be l(-21). Let o(i) = i**3 - 6*i**2 + k*i + 18*i - 38*i. Give o(5).
-5
Let h(r) = 9*r + 1. Let c(u) = -44*u + 1. Let v(k) = c(k) + 3*h(k). What is v(0)?
4
Let z = 2 - 1. Suppose 131 = 5*l + c - 123, -2*l = -2*c - 104. Let a(m) = -52 + 102 + 0*m**3 - m**3 + m**2 - l. Give a(z).
-1
Let n(r) = -4*r + 33. Let u = 2672 - 2663. Calculate n(u).
-3
Suppose 0 = 2*l + 3*c - 2, 18*l - 3 = 21*l + 3*c. Let u(r) = r**2 - 106 + 8*r + 0*r**2 + 117. Give u(l).
-4
Let p(l) = 2*l**3 - 73*l**2 + 45*l - 329. Let o be p(36). Let q(j) = j**2. Determine q(o).
25
Let n be -2 + 3*(-40)/(-12). Let f(c) = 2*c - 5*c - n*c**2 + 5 + c**3 + c**2. What is f(7)?
-16
Let a(w) = w**2 - 2*w - 18. Let u be a(6). Let l be 12/(-20) + -5 + u/(-15). Let k(x) = -x - 4. Give k(l).
2
Suppose -q = -12*q. Suppose q = -12*h - 23 - 37. Let k(r) = r**3 + 3*r**2 - 6*r + 4. Give k(h).
-16
Let j be -5 + (-252)/(-52) - (-108)/26. Let g(p) = -8937*p + p**2 + 8937*p - j. Determine g(-3).
5
Let d(r) = 5 - 3*r**2 + 11*r**2 + 7*r - 7*r**2. Suppose -12 = -4*f - 2*f. Suppose -10 = -f*v + 7*v + 5*w, 2*w = v + 8. What is d(v)?
-7
Let a(o) = -6*o**2 - o + 1. Let p be a(1). Let d(q) = -q**2 + 18*q + 46. Let g be d(20). Let u(c) = -g + 6*c + c**2 + c - 5*c**2 + 5*c**2 + 1. Give u(p).
-11
Let t be 196/(-28) + 0/(-1). Let c(o) = -2*o - 1. Let w(a) = 3*a + 1. Let x(d) = -2*c(d) - w(d). Give x(t).
-6
Let y(l) be the first derivative of l**3/3 + l**2/2 + 4*l + 1786. Calculate y(0).
4
Let c be 6*(3/(-9) - -1). Suppose -c*p + 0*p = 24. Let z(u) be the second derivative of -u**5/20 - 7*u**4/12 - u**3/2 - 9*u**2/2 + 314*u + 1. Calculate z(p).
-27
Suppose y + 0*y = 2*q + 11, -5 = 5*y + 5*q. Let v be (-1)/y*3 + 3. Let j(c) = 7 + 2*c + 7*c - c**2 + c**3 - c**v + 10*c**2. Calculate j(-7).
-7
Let j be (-16432)/(-5616) - 7/(567/(-6)). Let o(b) be the first derivative of 7*b + 1/2*b**2 - 1/3*b**j + 15. What is o(0)?
7
Let u(t) = 13 - 83 + 45 - t**2 - 13*t. Let q = -1105 + 1095. Give u(q).
5
Let r(w) = w**2 - 4*w + 24. Let t(s) = -5*s**2 + 8*s - 58. Let c(l) = 5*r(l) + 2*t(l). Determine c(-3).
-29
Let a(n) be the first derivative of -n**4/4 - 5*n**3 + 18*n**2 + 39*n + 796. What is a(-17)?
5
Let k(n) = 17*n - 46. Let u(t) = -12*t + 31. Let v(f) = 5*k(f) + 7*u(f). Let q = 231 + -218. Determine v(q).
0
Let z(o) = 102*o**2 + 32*o + 29. Let q(t) = -41*t**2 - 16*t - 13. Let f(n) = 5*q(n) + 2*z(n). Calculate f(-7).
56
Let y = -2014 + 2012. Let o(r) = 3*r**2 - 9. Give o(y).
3
Let t(g) = 14*g**2 - 11*g - 71. Let l(b) = 39*b**2 - 34*b - 206. Let i(h) = -6*l(h) + 17*t(h). Give i(-2).
11
Let a(z) = z**2 + 11*z - 12. Let f be 9*(9 - (-93)/(-9)). What is a(f)?
0
Suppose -12 + 0 = -4*x. Suppose -4*m = x*v - 8*v + 24, -v = -5*m - 30. Let b(z) = -z**3 - 6*z**2 - 4*z - 9. Give b(m).
15
Let s = -6 + 1. Let j(o) = -8*o - 4. Let a(h) = -532912 - 2*h + 9*h + 532915. Let y(k) = s*j(k) - 6*a(k). Give y(-5).
12
Let r(d) be the first derivative of d**2/2 - 4*d + 16. Let o(q) = -q + 5. Let a(l) = -5*o(l) - 6*r(l). Calculate a(-2).
1
Let y(j) = 2*j + 6. Let f = 51 + -25. Suppose 0 = -g - 4*s - 21, 3*s + 27 = 24*g - f*g. Calculate y(g).
-12
Suppose -2*f - 272 + 54 = -2*s, 15 = -3*s. Let u = 195 + f. Let t(z) = u*z + 1 + 0 - 82*z. Give t(5).
-4
Let a(c) = -7*c + 4 + 0*c - 3*c + 8*c. Let z(l) = 2*l - 6. Let h(q) = -6*a(q) - 5*z(q). Give h(5).
16
Let v be (1 - 1)/((-3 - -11)/4). Let y(s) = s**3 + s**2 - s + 53. Calculate y(v).
53
Let q(v) = -2*v**2 + 2*v + 3. Let i(f) be the third derivative of -f**5/60 - 29*f**4/24 - 55*f**3/2 + f**2 + 32. Let y be i(-21). Give q(y).
-9
Let n(p) = -p**2 - 13*p - 11. Let j = 2796 - 2809. Calculate n(j).
-11
Let g(x) = 3*x**2 + 5*x - 6. Let m be (-20)/(-4) + 2*(-3 + 2). Suppose 2*f = m*q + 14 - 3, -10 = 2*q - 4*f. Give g(q).
6
Suppose r - 3 = -2. Let g(n) = r + 2*n - 14*n - 9*n. Let y = 278 - 277. Calculate g(y).
-20
Let g(q) = 7*q**3 - q**2. Suppose -4*s = -24*